{"id":992,"date":"2018-09-28T13:52:11","date_gmt":"2018-09-28T16:52:11","guid":{"rendered":"http:\/\/www2.icb.ufmg.br\/capi\/?page_id=992"},"modified":"2022-05-24T10:04:59","modified_gmt":"2022-05-24T13:04:59","slug":"agendamento_cytation","status":"publish","type":"page","link":"https:\/\/www2.icb.ufmg.br\/capi\/?page_id=992","title":{"rendered":"Cytation 5 Cell Biotek"},"content":{"rendered":"<p><strong>AGENDAMENTO<\/strong><\/p>\n<p>Fa\u00e7a seu cadastro atrav\u00e9s do link<\/p>\n<p><a href=\"https:\/\/capi2.skedda.com\/register?key=7da5450\">https:\/\/capi2.skedda.com\/register?key=7da5450<\/a><\/p>\n<p><a href=\"https:\/\/i0.wp.com\/www2.icb.ufmg.br\/capi\/wp-content\/uploads\/2018\/05\/Sem-t%C3%ADtulo.png\"><img data-recalc-dims=\"1\" loading=\"lazy\" decoding=\"async\" data-attachment-id=\"965\" data-permalink=\"https:\/\/www2.icb.ufmg.br\/capi\/?attachment_id=965\" data-orig-file=\"https:\/\/i0.wp.com\/www2.icb.ufmg.br\/capi\/wp-content\/uploads\/2018\/05\/Sem-t%C3%ADtulo.png?fit=242%2C314&amp;ssl=1\" data-orig-size=\"242,314\" data-comments-opened=\"0\" data-image-meta=\"{&quot;aperture&quot;:&quot;0&quot;,&quot;credit&quot;:&quot;&quot;,&quot;camera&quot;:&quot;&quot;,&quot;caption&quot;:&quot;&quot;,&quot;created_timestamp&quot;:&quot;0&quot;,&quot;copyright&quot;:&quot;&quot;,&quot;focal_length&quot;:&quot;0&quot;,&quot;iso&quot;:&quot;0&quot;,&quot;shutter_speed&quot;:&quot;0&quot;,&quot;title&quot;:&quot;&quot;,&quot;orientation&quot;:&quot;0&quot;}\" data-image-title=\"Sem t\u00edtulo\" data-image-description=\"\" data-image-caption=\"\" data-medium-file=\"https:\/\/i0.wp.com\/www2.icb.ufmg.br\/capi\/wp-content\/uploads\/2018\/05\/Sem-t%C3%ADtulo.png?fit=231%2C300&amp;ssl=1\" data-large-file=\"https:\/\/i0.wp.com\/www2.icb.ufmg.br\/capi\/wp-content\/uploads\/2018\/05\/Sem-t%C3%ADtulo.png?fit=242%2C314&amp;ssl=1\" class=\"alignnone size-medium wp-image-965\" src=\"https:\/\/i0.wp.com\/www2.icb.ufmg.br\/capi\/wp-content\/uploads\/2018\/05\/Sem-t%C3%ADtulo.png?resize=231%2C300\" alt=\"\" width=\"231\" height=\"300\" srcset=\"https:\/\/i0.wp.com\/www2.icb.ufmg.br\/capi\/wp-content\/uploads\/2018\/05\/Sem-t%C3%ADtulo.png?resize=231%2C300&amp;ssl=1 231w, https:\/\/i0.wp.com\/www2.icb.ufmg.br\/capi\/wp-content\/uploads\/2018\/05\/Sem-t%C3%ADtulo.png?w=242&amp;ssl=1 242w\" sizes=\"auto, (max-width: 231px) 100vw, 231px\" \/><\/a><\/p>\n<p>O usu\u00e1rio receber\u00e1 um e-mail de confirma\u00e7\u00e3o para cadastrar login e senha.<\/p>\n<h2><span style=\"color: #ff0000;\"><strong>Normas para uso do Cytation 5.<\/strong><\/span><\/h2>\n<p><strong>N\u00e3o fa\u00e7a reserva a n\u00e3o ser que voc\u00ea tenha total certeza que ir\u00e1 utilizar o equipamento!<\/strong><\/p>\n<p>Caso voc\u00ea tenha algum problema ou receba qualquer mensagem de erro, por favor, relate no e-mail do CAPI.<\/p>\n<p><strong>Regras para reservas de hor\u00e1rio.<\/strong><\/p>\n<p><strong>1 &#8211; Tipos de agendamento<\/strong><\/p>\n<p><strong>&#8211; Curta dura\u00e7\u00e3o (<\/strong>m\u00e1ximo de 4 horas)<\/p>\n<p><strong>&#8211; Longa dura\u00e7\u00e3o:<\/strong> (Mais que 4 horas)<\/p>\n<p><strong>2 &#8211; Normas para agendamento<\/strong><\/p>\n<p><strong>&#8211; Hor\u00e1rio comercial (08hr \u00e0s 16hr):<\/strong> hor\u00e1rio reservado para experimentos de curta dura\u00e7\u00e3o prioritariamente.<\/p>\n<p><strong>&#8211; Hor\u00e1rio n\u00e3o-comercial (00hr \u00e0s 08hr, 16hr \u00e0s 00hr e finais de semana):<\/strong> hor\u00e1rio reservado para experimentos de longa dura\u00e7\u00e3o prioritariamente.<\/p>\n<p>3 &#8211; Com o objetivo de permitir o maior n\u00famero de usu\u00e1rios utilizem o equipamento, o CAPI poder\u00e1, caso necess\u00e1rio, limitar o n\u00famero de experimentos de longa dura\u00e7\u00e3o.<\/p>\n<p><strong>4 \u2013 As reservas feitas pelo sistema Skedda\u00a0somente ser\u00e3o aceitos com o nome completo do respons\u00e1vel cient\u00edfico e financeiro.<\/strong><\/p>\n<p>5 &#8211;\u00a0O hor\u00e1rio deve ser reservado com no m\u00e1ximo duas semanas de anteced\u00eancia. As reservas realizadas com mais de duas semanas de anteced\u00eancia ser\u00e3o canceladas.<\/p>\n<p>6 &#8211; Normalmente, cada usu\u00e1rio tem direito a apenas um per\u00edodo de reserva por dia (ie 4 horas). Contudo, se o usu\u00e1rio precisar utilizar para experimentos de longa dura\u00e7\u00e3o, recomenda-se reservar hor\u00e1rios n\u00e3o comerciais.<\/p>\n<p>7 &#8211; Ao usu\u00e1rio \u00e9 permitida a reserva de 02 (dois) per\u00edodos consecutivos aos S\u00e1bados e Domingos.<\/p>\n<p>8- Em casos excepcionais (ex. experimento n\u00e3o funcionou), o usu\u00e1rio pode desmarcar o agendamento do equipamento at\u00e9 1 hora antes do uso. Ap\u00f3s esse per\u00edodo, o hor\u00e1rio n\u00e3o poder\u00e1 ser desmarcado e o usu\u00e1rio arcar\u00e1 com o custo do agendamento. Usu\u00e1rios que cancelarem repetidamente suas reservas sem notifica\u00e7\u00e3o perder\u00e3o sua autoriza\u00e7\u00e3o para utilizar os equipamentos do CAPI.<\/p>\n<h2><strong>OBS IMPORTANTES:<\/strong><\/h2>\n<ol>\n<li>\u00c9 EXPRESSAMENTE PROIBIDO A\u00a0UTILIZA\u00c7\u00c3O\u00a0DOS MICROSC\u00d3PIOS POR PESSOAS N\u00c3O AUTORIZADAS.\u00a0Pede-se que os professores respons\u00e1veis acompanhem seus novos alunos at\u00e9 que os mesmos se tornem independentes. Dessa forma, evita-se poss\u00edveis danos ao sistema.<\/li>\n<li>APENAS pesquisadores que tenham submetido o formul\u00e1rio pelo CAPI e recebido aprova\u00e7\u00e3o poder\u00e3o realizar reservas e utilizar o sistema<\/li>\n<li>Os computadores do CAPI somente podem ser utilizado para capturar e armazenar brevemente de dados e imagens. \u00c9 a responsabilidade do usu\u00e1rio copiar seus arquivos em CD ou DVD (proibido pendrive), no prazo de duas semanas ap\u00f3s a realiza\u00e7\u00e3o do experimento. Ap\u00f3s esse per\u00edodo, arquivos poder\u00e3o ser apagados sem aviso previa. Outros tipos de arquivos (ex: ppt, Word doc files, etc) ser\u00e3o apagados sem notifica\u00e7\u00e3o.<\/li>\n<li>a) Nenhum programa poder\u00e1 ser instalado nos computadores.<\/li>\n<\/ol>\n<p style=\"padding-left: 30px;\">b) Para evitar problemas com v\u00edrus, o computador n\u00e3o pode ser conectado \u00e0 internet.<\/p>\n<p>5. O nome do CAPI (Centro de Aquisi\u00e7\u00e3o e Processamento de Imagens do ICB\/UFMG) dever\u00e1 constar de todas e quaisquer publica\u00e7\u00f5es originadas de trabalhos nele realizados.<\/p>\n<p>Exemplo: The microscopic data shown in this work was obtained using a NIKON ECLIPSE Ti\u00a0 fluorescence microscope located in the Center for Acquisition and Processing of Images (CAPI- ICB\/UFMG).<\/p>\n","protected":false},"excerpt":{"rendered":"<p>AGENDAMENTO Fa\u00e7a seu cadastro atrav\u00e9s do link https:\/\/capi2.skedda.com\/register?key=7da5450 O usu\u00e1rio receber\u00e1 um e-mail de confirma\u00e7\u00e3o para cadastrar login e senha. Normas para uso do Cytation 5. N\u00e3o fa\u00e7a reserva a n\u00e3o ser que voc\u00ea tenha total certeza que ir\u00e1 utilizar o equipamento! Caso voc\u00ea tenha algum problema ou receba qualquer mensagem de erro, por favor, [&hellip;]<\/p>\n","protected":false},"author":1,"featured_media":0,"parent":0,"menu_order":0,"comment_status":"closed","ping_status":"closed","template":"","meta":{"jetpack_post_was_ever_published":false,"footnotes":""},"class_list":["post-992","page","type-page","status-publish","hentry"],"jetpack_sharing_enabled":true,"jetpack_shortlink":"https:\/\/wp.me\/P6bplh-g0","jetpack-related-posts":[],"_links":{"self":[{"href":"https:\/\/www2.icb.ufmg.br\/capi\/index.php?rest_route=\/wp\/v2\/pages\/992","targetHints":{"allow":["GET"]}}],"collection":[{"href":"https:\/\/www2.icb.ufmg.br\/capi\/index.php?rest_route=\/wp\/v2\/pages"}],"about":[{"href":"https:\/\/www2.icb.ufmg.br\/capi\/index.php?rest_route=\/wp\/v2\/types\/page"}],"author":[{"embeddable":true,"href":"https:\/\/www2.icb.ufmg.br\/capi\/index.php?rest_route=\/wp\/v2\/users\/1"}],"replies":[{"embeddable":true,"href":"https:\/\/www2.icb.ufmg.br\/capi\/index.php?rest_route=%2Fwp%2Fv2%2Fcomments&post=992"}],"version-history":[{"count":3,"href":"https:\/\/www2.icb.ufmg.br\/capi\/index.php?rest_route=\/wp\/v2\/pages\/992\/revisions"}],"predecessor-version":[{"id":1226,"href":"https:\/\/www2.icb.ufmg.br\/capi\/index.php?rest_route=\/wp\/v2\/pages\/992\/revisions\/1226"}],"wp:attachment":[{"href":"https:\/\/www2.icb.ufmg.br\/capi\/index.php?rest_route=%2Fwp%2Fv2%2Fmedia&parent=992"}],"curies":[{"name":"wp","href":"https:\/\/api.w.org\/{rel}","templated":true}]}}