{"id":266,"date":"2014-07-18T18:16:41","date_gmt":"2014-07-18T18:16:41","guid":{"rendered":"http:\/\/www.icb.ufmg.br\/capi\/?page_id=266"},"modified":"2016-07-21T10:05:46","modified_gmt":"2016-07-21T13:05:46","slug":"microdisseccao-a-laser","status":"publish","type":"page","link":"https:\/\/www2.icb.ufmg.br\/capi\/?page_id=266","title":{"rendered":"Microdissec\u00e7\u00e3o a laser"},"content":{"rendered":"<h2><a href=\"http:\/\/www2.icb.ufmg.br\/capi\/?page_id=18\">Formul\u00e1rio CAPI para Microdissec\u00e7\u00e3o a Laser<\/a><\/h2>\n<h2>SISTEMA DE MICRODISSEC\u00c7\u00c3O \u2013 MMI CELLCUT PLUS \u2013 OLYMPUS<\/h2>\n<p>Para agendamento entre em contato com o CAPI : (31) 3409-2536<\/p>\n<ul>\n<li>Valor de aquisi\u00e7\u00e3o: US$ 240,600.00<\/li>\n<li>Forma de aquisi\u00e7\u00e3o: Edital CAPES \u2013 Pr\u00f3-Equipamentos 2010<\/li>\n<li>Ano de aquisi\u00e7\u00e3o: 2010<\/li>\n<li>Proced\u00eancia: Glattbrugg, Switzerland<\/li>\n<\/ul>\n<p><a href=\"https:\/\/i0.wp.com\/www.icb.ufmg.br\/capi\/wp-content\/uploads\/2014\/07\/MMI.jpg\"><img data-recalc-dims=\"1\" loading=\"lazy\" decoding=\"async\" data-attachment-id=\"269\" data-permalink=\"https:\/\/www2.icb.ufmg.br\/capi\/?attachment_id=269\" data-orig-file=\"https:\/\/i0.wp.com\/www2.icb.ufmg.br\/capi\/wp-content\/uploads\/2014\/07\/MMI.jpg?fit=352%2C200&amp;ssl=1\" data-orig-size=\"352,200\" data-comments-opened=\"0\" data-image-meta=\"{&quot;aperture&quot;:&quot;0&quot;,&quot;credit&quot;:&quot;&quot;,&quot;camera&quot;:&quot;&quot;,&quot;caption&quot;:&quot;&quot;,&quot;created_timestamp&quot;:&quot;0&quot;,&quot;copyright&quot;:&quot;&quot;,&quot;focal_length&quot;:&quot;0&quot;,&quot;iso&quot;:&quot;0&quot;,&quot;shutter_speed&quot;:&quot;0&quot;,&quot;title&quot;:&quot;&quot;}\" data-image-title=\"MMI\" data-image-description=\"\" data-image-caption=\"\" data-medium-file=\"https:\/\/i0.wp.com\/www2.icb.ufmg.br\/capi\/wp-content\/uploads\/2014\/07\/MMI.jpg?fit=300%2C170&amp;ssl=1\" data-large-file=\"https:\/\/i0.wp.com\/www2.icb.ufmg.br\/capi\/wp-content\/uploads\/2014\/07\/MMI.jpg?fit=352%2C200&amp;ssl=1\" class=\"size-medium wp-image-269 aligncenter\" src=\"https:\/\/i0.wp.com\/www.icb.ufmg.br\/capi\/wp-content\/uploads\/2014\/07\/MMI-300x170.jpg?resize=300%2C170\" alt=\"MMI\" width=\"300\" height=\"170\" srcset=\"https:\/\/i0.wp.com\/www2.icb.ufmg.br\/capi\/wp-content\/uploads\/2014\/07\/MMI.jpg?resize=300%2C170&amp;ssl=1 300w, https:\/\/i0.wp.com\/www2.icb.ufmg.br\/capi\/wp-content\/uploads\/2014\/07\/MMI.jpg?w=352&amp;ssl=1 352w\" sizes=\"auto, (max-width: 300px) 100vw, 300px\" \/><\/a><\/p>\n<p><span style=\"text-decoration: underline;\"><b>Descri\u00e7\u00e3o do Equipamento<\/b><\/span><\/p>\n<p style=\"text-align: justify;\">O Sistema mmi <i>CellCut<\/i>\u00ae \u00e9 composto de um microsc\u00f3pio biol\u00f3gico Olympus de alta performance com platina motorizada, controlada eletronicamente, laser em estado s\u00f3lido, feixe do laser de acordo com os requisitos. Computador com Sistema Operacional Windows e um sofisticado software de controle mmi <i>CellTools<\/i>\u00ae<\/p>\n<p style=\"text-align: justify;\">O mmi CellCut \u00ae \u00e9 usado para isolar, sob vis\u00e3o microsc\u00f3pica, pequenas \u00e1reas ou c\u00e9lulas isoladas a partir de cortes histol\u00f3gicos para posterior an\u00e1lise microbiol\u00f3gica. DNA,RNA, bem como prote\u00ednas a partir de amostras puras podem ser investigadas. Nenhum contato mec\u00e2nico \u00e9 necess\u00e1rio para a microdissec\u00e7\u00e3o a laser das amostras. Para prepara\u00e7\u00e3o de amostras, seja qual for a origem, tecidos congelados, parafinados, esfrega\u00e7os, <i>cytospins<\/i>, o mmi <i>CellCut<\/i> \u00ae utiliza a tecnologia mmi Membrana Slides. Esta l\u00e2mina possui um suporte met\u00e1lico revestido com uma membrana que \u00e9 completamente inerte e sua autofluoresc\u00eancia \u00e9 insignificante. Diferentes tipos de amostras podem ser preparadas nesta membrana e depois coberta com uma l\u00e2mina de vidro normal para prote\u00e7\u00e3o contra contamina\u00e7\u00f5es. Atrav\u00e9s do software <i>mmiCellCut<\/i>, as regi\u00f5es de interesse s\u00e3o selecionadas na tela, usando tanto o mouse para contornos livres ou pode-se utilizar as formas geom\u00e9tricas pr\u00e9-definidas, como c\u00edrculos, elipses, quadrados.<\/p>\n<p style=\"text-align: justify;\">Qualquer n\u00famero de \u00e1reas em toda a l\u00e2mina pode ser identificado como regi\u00f5es de interesse e os tamanhos das formas geom\u00e9tricas podem ser alterados, ou copiados e colados. A fun\u00e7\u00e3o de agrupamento permite ao usu\u00e1rio coletar um n\u00famero ilimitado de diferentes c\u00e9lulas ou \u00e1reas celulares dentro de um \u00fanico processo de triagem em diferentes tubos de coleta (<i>mmi Isolation Caps<\/i>). A espessura (0,3 &amp;#956;m em 100x) fina do feixe permite uma extra\u00e7\u00e3o precisa das \u00e1reas selecionadas com excelente rapidez, sem afetar sua morfologia ou outras \u00e1reas de interesse, negativamente. Como resultado, n\u00e3o h\u00e1 perda de qualidade do material que ser\u00e1 usado em etapas subseq\u00fcentes. Mesmo a viabilidade de c\u00e9lulas vivas n\u00e3o \u00e9 afetada e, portanto uma vez selecionadas, c\u00e9lulas podem ser re-cultivadas.<\/p>\n<p style=\"text-align: justify;\">O mmi <i>CellCut<\/i> permite a microdissec\u00e7\u00e3o em c\u00e9lulas vivas padr\u00e3o, utilizando o <i>CellChamber<\/i>\u00ae, que consiste em um anel de a\u00e7o inox com uma membrana no fundo, na qual as c\u00e9lulas vivas podem ser cultivadas. Antes da microdissec\u00e7\u00e3o, o mmi <i>CellChamber<\/i> \u00e9 colocado em uma placa de Petri, revestida com um adesivo no fundo e levada ao microsc\u00f3pio para realizar a microdissec\u00e7\u00e3o. \u00c1reas de interesse podem ser positivamente ou negativamente selecionadas pelo laser sem qualquer necessidade de abrir a placa de Petri ou drenar o meio de crescimento. O laser corta, r\u00e1pido e precisamente, somente a membrana para permitir f\u00e1cil separa\u00e7\u00e3o das c\u00e9lulas vivas selecionadas. Depois de dissecado, o <i>CellChamber<\/i>\u00ae \u00e9 removido da placa de Petri, sob condi\u00e7\u00f5es ass\u00e9pticas totais, deixando as c\u00e9lulas selecionadas no fundo da placa, as quais podem ser utilizadas para nova cultura.<\/p>\n<p style=\"text-align: justify;\"><a href=\"http:\/\/www.icb.ufmg.br\/capi\/wp-content\/uploads\/2014\/07\/Treinamento-CellCut-Plus-Sistema-de-Microdissec\u00e7\u00e3o_docx.pdf\">Manual de opera\u00e7\u00f5es MMI laser<\/a><\/p>\n","protected":false},"excerpt":{"rendered":"<p>Formul\u00e1rio CAPI para Microdissec\u00e7\u00e3o a Laser SISTEMA DE MICRODISSEC\u00c7\u00c3O \u2013 MMI CELLCUT PLUS \u2013 OLYMPUS Para agendamento entre em contato com o CAPI : (31) 3409-2536 Valor de aquisi\u00e7\u00e3o: US$ 240,600.00 Forma de aquisi\u00e7\u00e3o: Edital CAPES \u2013 Pr\u00f3-Equipamentos 2010 Ano de aquisi\u00e7\u00e3o: 2010 Proced\u00eancia: Glattbrugg, Switzerland Descri\u00e7\u00e3o do Equipamento O Sistema mmi CellCut\u00ae \u00e9 composto [&hellip;]<\/p>\n","protected":false},"author":1,"featured_media":0,"parent":0,"menu_order":0,"comment_status":"closed","ping_status":"closed","template":"","meta":{"jetpack_post_was_ever_published":false,"footnotes":""},"class_list":["post-266","page","type-page","status-publish","hentry"],"jetpack_sharing_enabled":true,"jetpack_shortlink":"https:\/\/wp.me\/P6bplh-4i","jetpack-related-posts":[],"_links":{"self":[{"href":"https:\/\/www2.icb.ufmg.br\/capi\/index.php?rest_route=\/wp\/v2\/pages\/266","targetHints":{"allow":["GET"]}}],"collection":[{"href":"https:\/\/www2.icb.ufmg.br\/capi\/index.php?rest_route=\/wp\/v2\/pages"}],"about":[{"href":"https:\/\/www2.icb.ufmg.br\/capi\/index.php?rest_route=\/wp\/v2\/types\/page"}],"author":[{"embeddable":true,"href":"https:\/\/www2.icb.ufmg.br\/capi\/index.php?rest_route=\/wp\/v2\/users\/1"}],"replies":[{"embeddable":true,"href":"https:\/\/www2.icb.ufmg.br\/capi\/index.php?rest_route=%2Fwp%2Fv2%2Fcomments&post=266"}],"version-history":[{"count":8,"href":"https:\/\/www2.icb.ufmg.br\/capi\/index.php?rest_route=\/wp\/v2\/pages\/266\/revisions"}],"predecessor-version":[{"id":891,"href":"https:\/\/www2.icb.ufmg.br\/capi\/index.php?rest_route=\/wp\/v2\/pages\/266\/revisions\/891"}],"wp:attachment":[{"href":"https:\/\/www2.icb.ufmg.br\/capi\/index.php?rest_route=%2Fwp%2Fv2%2Fmedia&parent=266"}],"curies":[{"name":"wp","href":"https:\/\/api.w.org\/{rel}","templated":true}]}}