{"id":25,"date":"2013-10-18T13:17:31","date_gmt":"2013-10-18T13:17:31","guid":{"rendered":"http:\/\/www.icb.ufmg.br\/capi\/?page_id=25"},"modified":"2022-05-24T10:00:23","modified_gmt":"2022-05-24T13:00:23","slug":"pagamentos","status":"publish","type":"page","link":"https:\/\/www2.icb.ufmg.br\/capi\/?page_id=25","title":{"rendered":"Pagamentos"},"content":{"rendered":"<p style=\"text-align: justify;\">Para os usu\u00e1rios que utilizam o Centro constantemente, no primeiro trimestre de cada ano ser\u00e3o feitas as cobran\u00e7as de uso dos equipamentos do ano anterior. Para os usu\u00e1rios espor\u00e1dicos ou externos, logo ap\u00f3s a finaliza\u00e7\u00e3o dos trabalhos ser\u00e1 feito o c\u00e1lculo dos valores dos servi\u00e7os prestados seguido da cobran\u00e7a.<\/p>\n<p style=\"text-align: justify;\">S\u00f3 poder\u00e3o utilizar a estrutura do CAPI aqueles que estiverem em situa\u00e7\u00e3o regular\/adimplentes. Caso algum pesquisador n\u00e3o possa pagar at\u00e9 este prazo deve enviar para aprecia\u00e7\u00e3o do Conselho Diretor uma justificativa consubstanciada. O n\u00e3o pagamento sem justificativa, ou a n\u00e3o aprova\u00e7\u00e3o da justificativa podem levar ao impedimento do usu\u00e1rio, e de seu grupo de pesquisa, de utilizar os equipamentos do Capi.<\/p>\n<p style=\"text-align: justify;\">Caso o pesquisador queira pagar a qualquer momento, consulte o CAPI. Se for de seu interesse aplique verba no Centro que ser\u00e1 computada em seu Hist\u00f3rico de Usu\u00e1rio e mantida como cr\u00e9dito para pagamento de atividades futuras. O seu Hist\u00f3rico de Usu\u00e1rio pode ser solicitado por e-mail a qualquer momento e as planilhas preenchidas pelos pesquisadores\/alunos usu\u00e1rios, com os detalhes das horas de uso dos equipamentos, est\u00e3o arquivadas no Capi e tamb\u00e9m podem ser consultadas, caso haja d\u00favida ou interesse.<\/p>\n<p style=\"text-align: justify;\">Forma de pagamento:<\/p>\n<ul>\n<li>Pagamento de boleto ou fatura para a conta\u00a0que o Capi possui na\u00a0<strong>Fundep.\u00a0<\/strong><span style=\"color: #ff0000;\"> Agora \u00e9 poss\u00edvel fazer transfer\u00eancia de recursos da FAPEMIG administrados pela Fundep para a conta do CAPI na pr\u00f3pria Fundep (projeto n\u00famero 5830*10 CAPI &#8211; coordenador prof. Christopher Kushmerick). No momento do preparo do pedido \u00e9 necess\u00e1rio adicionar uma justificativa para a transfer\u00eancia de recursos para a conta do CAPI e tamb\u00e9m adicionar um or\u00e7amento. O or\u00e7amento deve ser solicitado ao CAPI.<br \/>\n<\/span><\/li>\n<\/ul>\n<p>Sugest\u00e3o de justificativa t\u00e9cnica<\/p>\n<p>Os experimentos realizados neste projeto na \u00e1rea de microscopia j\u00e1 foram padronizados no <span class=\"il\">CAPI<\/span> e a mudan\u00e7a de equipamentos e suporte t\u00e9cnico trar\u00e3o preju\u00edzos financeiros devido a necessidade de padroniza\u00e7\u00e3o dos experimentos em outro local. Al\u00e9m disso, devido a alta complexidade da aquisi\u00e7\u00e3o e an\u00e1lises dos dados a mudan\u00e7a de local pode trazer preju\u00edzos para a qualidade dos resultados gerados.<\/p>\n","protected":false},"excerpt":{"rendered":"<p>Para os usu\u00e1rios que utilizam o Centro constantemente, no primeiro trimestre de cada ano ser\u00e3o feitas as cobran\u00e7as de uso dos equipamentos do ano anterior. Para os usu\u00e1rios espor\u00e1dicos ou externos, logo ap\u00f3s a finaliza\u00e7\u00e3o dos trabalhos ser\u00e1 feito o c\u00e1lculo dos valores dos servi\u00e7os prestados seguido da cobran\u00e7a. S\u00f3 poder\u00e3o utilizar a estrutura do [&hellip;]<\/p>\n","protected":false},"author":1,"featured_media":0,"parent":0,"menu_order":0,"comment_status":"closed","ping_status":"open","template":"","meta":{"jetpack_post_was_ever_published":false,"footnotes":""},"class_list":["post-25","page","type-page","status-publish","hentry"],"jetpack_sharing_enabled":true,"jetpack_shortlink":"https:\/\/wp.me\/P6bplh-p","jetpack-related-posts":[],"_links":{"self":[{"href":"https:\/\/www2.icb.ufmg.br\/capi\/index.php?rest_route=\/wp\/v2\/pages\/25","targetHints":{"allow":["GET"]}}],"collection":[{"href":"https:\/\/www2.icb.ufmg.br\/capi\/index.php?rest_route=\/wp\/v2\/pages"}],"about":[{"href":"https:\/\/www2.icb.ufmg.br\/capi\/index.php?rest_route=\/wp\/v2\/types\/page"}],"author":[{"embeddable":true,"href":"https:\/\/www2.icb.ufmg.br\/capi\/index.php?rest_route=\/wp\/v2\/users\/1"}],"replies":[{"embeddable":true,"href":"https:\/\/www2.icb.ufmg.br\/capi\/index.php?rest_route=%2Fwp%2Fv2%2Fcomments&post=25"}],"version-history":[{"count":8,"href":"https:\/\/www2.icb.ufmg.br\/capi\/index.php?rest_route=\/wp\/v2\/pages\/25\/revisions"}],"predecessor-version":[{"id":1224,"href":"https:\/\/www2.icb.ufmg.br\/capi\/index.php?rest_route=\/wp\/v2\/pages\/25\/revisions\/1224"}],"wp:attachment":[{"href":"https:\/\/www2.icb.ufmg.br\/capi\/index.php?rest_route=%2Fwp%2Fv2%2Fmedia&parent=25"}],"curies":[{"name":"wp","href":"https:\/\/api.w.org\/{rel}","templated":true}]}}