{"id":23,"date":"2013-10-18T13:17:09","date_gmt":"2013-10-18T13:17:09","guid":{"rendered":"http:\/\/www.icb.ufmg.br\/capi\/?page_id=23"},"modified":"2023-11-24T14:24:27","modified_gmt":"2023-11-24T17:24:27","slug":"agendamento-para-analise-do-material","status":"publish","type":"page","link":"https:\/\/www2.icb.ufmg.br\/capi\/?page_id=23","title":{"rendered":"Regras de agendamento dos equipamentos do CAPI"},"content":{"rendered":"\n<p>Para garantir o uso eficiente e justo dos microsc\u00f3pios do CAPI, pedimos que os usu\u00e1rios sigam as seguintes regras de agendamento:<\/p>\n<ul>\n<li>Cada orientador pode agendar no m\u00e1ximo dois slots por microsc\u00f3pio por semana. Os slots s\u00e3o divididos em dois per\u00edodos: das 08h \u00e0s 13h e das 13h \u00e0s 17h.<\/li>\n<li>Os experimentos que demandarem mais de quatro horas de uso do microsc\u00f3pio devem ser realizados fora do hor\u00e1rio comercial ou nos finais de semana. Nesses casos, os orientadores podem ajustar o in\u00edcio e o fim do slot conforme a necessidade. Por exemplo: das 06h \u00e0s 12h ou das 13h \u00e0s 22h.<\/li>\n<li>N\u00e3o \u00e9 permitido agendar experimentos que ocupem parte do slot da manh\u00e3 e parte do slot da tarde. Por exemplo: das 10h \u00e0s 15h. Essa medida visa evitar que os microsc\u00f3pios fiquem ociosos durante os intervalos entre os slots.<\/li>\n<li>Favor adicione o nome do orientador no campo &#8220;Notes&#8221;.<\/li>\n<li>Os agendamentos devem ser feitos com no m\u00e1ximo quinze dias de anteced\u00eancia. Os agendamentos que ultrapassarem esse prazo ser\u00e3o cancelados automaticamente pelo sistema.<\/li>\n<li>Os agendamentos cancelados com menos de 24h de anteced\u00eancia ser\u00e3o cobrados.<\/li>\n<\/ul>\n<p>Agradecemos a sua compreens\u00e3o e colabora\u00e7\u00e3o. Em caso de d\u00favidas, entre em contato.<\/p>\n\n\n<h1 style=\"text-align: center;\"><span style=\"color: #339966;\"><strong>Equipamentos listados no link CAPI &#8211; Microsc\u00f3pios<\/strong><\/span><\/h1>\n<p><strong>NIKON ECLIPSE<\/strong><\/p>\n<p><strong>APOTOME<\/strong><\/p>\n<p><strong>510 META<\/strong><\/p>\n<p><strong>LSM 880<\/strong><\/p>\n<p><strong>YOKOGAWA &#8211; CONFOCAL SPINNING DISK<\/strong><\/p>\n<p>Para registrar e utilizar o espa\u00e7o de agendamento CAPI &#8211; Microsc\u00f3pios acesse o link:<\/p>\n<p><a href=\"https:\/\/ipaufmg.skedda.com\/register?key=7843b85\">https:\/\/ipaufmg.skedda.com\/register?key=7843b85<\/a><\/p>\n<p><a href=\"https:\/\/capi.skedda.com\/register?key=7843b85\"><img data-recalc-dims=\"1\" loading=\"lazy\" decoding=\"async\" data-attachment-id=\"967\" data-permalink=\"https:\/\/www2.icb.ufmg.br\/capi\/?attachment_id=967\" data-orig-file=\"https:\/\/i0.wp.com\/www2.icb.ufmg.br\/capi\/wp-content\/uploads\/2018\/05\/Sem-t%C3%ADtulomic.png?fit=245%2C315&amp;ssl=1\" data-orig-size=\"245,315\" data-comments-opened=\"0\" data-image-meta=\"{&quot;aperture&quot;:&quot;0&quot;,&quot;credit&quot;:&quot;&quot;,&quot;camera&quot;:&quot;&quot;,&quot;caption&quot;:&quot;&quot;,&quot;created_timestamp&quot;:&quot;0&quot;,&quot;copyright&quot;:&quot;&quot;,&quot;focal_length&quot;:&quot;0&quot;,&quot;iso&quot;:&quot;0&quot;,&quot;shutter_speed&quot;:&quot;0&quot;,&quot;title&quot;:&quot;&quot;,&quot;orientation&quot;:&quot;0&quot;}\" data-image-title=\"Sem t\u00edtulomic\" data-image-description=\"\" data-image-caption=\"\" data-medium-file=\"https:\/\/i0.wp.com\/www2.icb.ufmg.br\/capi\/wp-content\/uploads\/2018\/05\/Sem-t%C3%ADtulomic.png?fit=233%2C300&amp;ssl=1\" data-large-file=\"https:\/\/i0.wp.com\/www2.icb.ufmg.br\/capi\/wp-content\/uploads\/2018\/05\/Sem-t%C3%ADtulomic.png?fit=245%2C315&amp;ssl=1\" class=\"alignnone wp-image-967 size-medium\" src=\"https:\/\/i0.wp.com\/www2.icb.ufmg.br\/capi\/wp-content\/uploads\/2018\/05\/Sem-t%C3%ADtulomic.png?resize=233%2C300\" alt=\"\" width=\"233\" height=\"300\" srcset=\"https:\/\/i0.wp.com\/www2.icb.ufmg.br\/capi\/wp-content\/uploads\/2018\/05\/Sem-t%C3%ADtulomic.png?resize=233%2C300&amp;ssl=1 233w, https:\/\/i0.wp.com\/www2.icb.ufmg.br\/capi\/wp-content\/uploads\/2018\/05\/Sem-t%C3%ADtulomic.png?w=245&amp;ssl=1 245w\" sizes=\"auto, (max-width: 233px) 100vw, 233px\" \/><\/a><\/p>\n<h1 style=\"text-align: center;\"><span style=\"color: #339966;\"><strong>Equipamentos listados no link CAPI &#8211; Outros<\/strong><\/span><\/h1>\n<p><strong>Criostato CM3050S<\/strong><\/p>\n<p><strong>MMI Laser<\/strong><\/p>\n<p><strong>Cytation 5<\/strong><\/p>\n<p><strong>Leica TIRF HP (SR)<\/strong><\/p>\n<p>Para registrar e utilizar o espa\u00e7o de agendamento CAPI &#8211; Outros acesso o link:<\/p>\n<p><a href=\"https:\/\/capi2.skedda.com\/register?key=7da5450\">https:\/\/capi2.skedda.com\/register?key=7da5450<\/a><\/p>\n<p><a href=\"https:\/\/capi2.skedda.com\/register?key=7da5450\"><img data-recalc-dims=\"1\" loading=\"lazy\" decoding=\"async\" data-attachment-id=\"965\" data-permalink=\"https:\/\/www2.icb.ufmg.br\/capi\/?attachment_id=965\" data-orig-file=\"https:\/\/i0.wp.com\/www2.icb.ufmg.br\/capi\/wp-content\/uploads\/2018\/05\/Sem-t%C3%ADtulo.png?fit=242%2C314&amp;ssl=1\" data-orig-size=\"242,314\" data-comments-opened=\"0\" data-image-meta=\"{&quot;aperture&quot;:&quot;0&quot;,&quot;credit&quot;:&quot;&quot;,&quot;camera&quot;:&quot;&quot;,&quot;caption&quot;:&quot;&quot;,&quot;created_timestamp&quot;:&quot;0&quot;,&quot;copyright&quot;:&quot;&quot;,&quot;focal_length&quot;:&quot;0&quot;,&quot;iso&quot;:&quot;0&quot;,&quot;shutter_speed&quot;:&quot;0&quot;,&quot;title&quot;:&quot;&quot;,&quot;orientation&quot;:&quot;0&quot;}\" data-image-title=\"Sem t\u00edtulo\" data-image-description=\"\" data-image-caption=\"\" data-medium-file=\"https:\/\/i0.wp.com\/www2.icb.ufmg.br\/capi\/wp-content\/uploads\/2018\/05\/Sem-t%C3%ADtulo.png?fit=231%2C300&amp;ssl=1\" data-large-file=\"https:\/\/i0.wp.com\/www2.icb.ufmg.br\/capi\/wp-content\/uploads\/2018\/05\/Sem-t%C3%ADtulo.png?fit=242%2C314&amp;ssl=1\" class=\"alignnone wp-image-965 size-medium\" src=\"https:\/\/i0.wp.com\/www2.icb.ufmg.br\/capi\/wp-content\/uploads\/2018\/05\/Sem-t%C3%ADtulo.png?resize=231%2C300\" alt=\"\" width=\"231\" height=\"300\" srcset=\"https:\/\/i0.wp.com\/www2.icb.ufmg.br\/capi\/wp-content\/uploads\/2018\/05\/Sem-t%C3%ADtulo.png?resize=231%2C300&amp;ssl=1 231w, https:\/\/i0.wp.com\/www2.icb.ufmg.br\/capi\/wp-content\/uploads\/2018\/05\/Sem-t%C3%ADtulo.png?w=242&amp;ssl=1 242w\" sizes=\"auto, (max-width: 231px) 100vw, 231px\" \/><\/a><\/p>\n<p><a href=\"http:\/\/www2.icb.ufmg.br\/capi\/wp-content\/uploads\/2016\/02\/Skedda.png\" rel=\"attachment wp-att-804\">\u00a0 \u00a0<\/a><\/p>\n<p>O usu\u00e1rio receber\u00e1 um e-mail de confirma\u00e7\u00e3o para cadastrar login e senha.<\/p>\n<p>Qualquer d\u00favida entrar em contato com o CAPI.<\/p>\n<h1 style=\"text-align: center;\"><span style=\"color: #339966;\"><strong>Equipamentos listados no link CAPI &#8211; Diversos<\/strong><\/span><\/h1>\n<p>Centrifuga<\/p>\n<p>Capela<\/p>\n<p>Sala Escura<\/p>\n<p>Microtomo<\/p>\n<p>MMI &#8211; Laser<\/p>\n<p>Para registrar e utilizar o espa\u00e7o de agendamento CAPI &#8211; Diversos acesse o link:<\/p>\n<p><a href=\"https:\/\/apidiversos.skedda.com\/register?i=228440&amp;k=ywfkzTKYmp4x_dbk-t5t1WsdBDlX9cod\">https:\/\/apidiversos.skedda.com\/register?i=228440&amp;k=ywfkzTKYmp4x_dbk-t5t1WsdBDlX9cod<\/a><\/p>\n<p>O usu\u00e1rio receber\u00e1 um e-mail de confirma\u00e7\u00e3o para cadastrar login e senha.<\/p>\n<p>Qualquer d\u00favida entrar em contato com o CAPI.<\/p>\n<h1 style=\"text-align: center;\">\u00a0<\/h1>","protected":false},"excerpt":{"rendered":"<p>Para garantir o uso eficiente e justo dos microsc\u00f3pios do CAPI, pedimos que os usu\u00e1rios sigam as seguintes regras de agendamento: Cada orientador pode agendar no m\u00e1ximo dois slots por microsc\u00f3pio por semana. Os slots s\u00e3o divididos em dois per\u00edodos: das 08h \u00e0s 13h e das 13h \u00e0s 17h. Os experimentos que demandarem mais de [&hellip;]<\/p>\n","protected":false},"author":1,"featured_media":0,"parent":0,"menu_order":0,"comment_status":"closed","ping_status":"open","template":"","meta":{"jetpack_post_was_ever_published":false,"footnotes":""},"class_list":["post-23","page","type-page","status-publish","hentry"],"jetpack_sharing_enabled":true,"jetpack_shortlink":"https:\/\/wp.me\/P6bplh-n","jetpack-related-posts":[],"_links":{"self":[{"href":"https:\/\/www2.icb.ufmg.br\/capi\/index.php?rest_route=\/wp\/v2\/pages\/23","targetHints":{"allow":["GET"]}}],"collection":[{"href":"https:\/\/www2.icb.ufmg.br\/capi\/index.php?rest_route=\/wp\/v2\/pages"}],"about":[{"href":"https:\/\/www2.icb.ufmg.br\/capi\/index.php?rest_route=\/wp\/v2\/types\/page"}],"author":[{"embeddable":true,"href":"https:\/\/www2.icb.ufmg.br\/capi\/index.php?rest_route=\/wp\/v2\/users\/1"}],"replies":[{"embeddable":true,"href":"https:\/\/www2.icb.ufmg.br\/capi\/index.php?rest_route=%2Fwp%2Fv2%2Fcomments&post=23"}],"version-history":[{"count":16,"href":"https:\/\/www2.icb.ufmg.br\/capi\/index.php?rest_route=\/wp\/v2\/pages\/23\/revisions"}],"predecessor-version":[{"id":1456,"href":"https:\/\/www2.icb.ufmg.br\/capi\/index.php?rest_route=\/wp\/v2\/pages\/23\/revisions\/1456"}],"wp:attachment":[{"href":"https:\/\/www2.icb.ufmg.br\/capi\/index.php?rest_route=%2Fwp%2Fv2%2Fmedia&parent=23"}],"curies":[{"name":"wp","href":"https:\/\/api.w.org\/{rel}","templated":true}]}}