{"id":18,"date":"2013-10-18T13:15:38","date_gmt":"2013-10-18T13:15:38","guid":{"rendered":"http:\/\/www.icb.ufmg.br\/capi\/?page_id=18"},"modified":"2025-03-26T14:28:50","modified_gmt":"2025-03-26T17:28:50","slug":"aprovacao","status":"publish","type":"page","link":"https:\/\/www2.icb.ufmg.br\/capi\/?page_id=18","title":{"rendered":"Formul\u00e1rios"},"content":{"rendered":"<p style=\"text-align: justify;\">De acordo com o regimento interno do CAPI, aprovado pelo Conselho Universit\u00e1rio da UFMG em 8 de julho de 2013, o pesquisador interessado em utilizar o Centro dever\u00e1 ter seu Formul\u00e1rio aprovado pelo Conselho Diretor (veja formul\u00e1rios abaixo), ser tecnicamente capaz de usar os equipamentos e instala\u00e7\u00f5es do Centro e\/ou contar com a ajuda t\u00e9cnica adequada e, ainda, obter recursos financeiros pr\u00f3prios para a execu\u00e7\u00e3o do projeto.<\/p>\n<p style=\"text-align: justify;\">Para apresentar proposta de trabalho a ser desenvolvido no CAPI, o pesquisador deve preencher formul\u00e1rio pr\u00f3prio (ver abaixo):<\/p>\n<h1><a href=\"https:\/\/goo.gl\/forms\/QrQA145TSOmfTwLn1\">Formul\u00e1rio de cadastro de projeto para uso dos equipamentos<\/a><\/h1>\n<p style=\"text-align: justify;\"><strong>Microscopia Confocal, Fluoresc\u00eancia, ApoTome e Cytation<\/strong><br \/>\nProfessor: Gregory Thomas Kitten e Dawidson Assis Gomes<\/p>\n<p style=\"text-align: justify;\"><strong>Microdissec\u00e7\u00e3o a laser<\/strong><br \/>\nProfessor: Geovanni Dantas Cassal<\/p>\n<p style=\"text-align: justify;\"><strong>Typhon<\/strong><br \/>\nProfessora: Silvia Carolina Guatimosim<\/p>\n<p style=\"text-align: justify;\"><strong>Microsc\u00f3pio Digital &#8211; Scanner de L\u00e2minas<\/strong><br \/>\nProfessor: Geovanni Dantas Cassal<\/p>\n<p><strong>Criostato<\/strong><br \/>\nProfessor: H\u00e9lio Chiarini Garcia<\/p>\n<h1><a href=\"https:\/\/goo.gl\/forms\/MHw9hA8yimHgFf4v2\">Formul\u00e1rio on-line para utiliza\u00e7\u00e3o do Criostato<\/a><\/h1>\n<p style=\"text-align: justify;\">A viabilidade t\u00e9cnica e metodol\u00f3gica de execu\u00e7\u00e3o do trabalho no Centro ser\u00e3o avaliadas pelos coordenadores dos equipamentos que, ap\u00f3s an\u00e1lise, entrar\u00e3o em contato com o orientador do projeto para encaminhar o formul\u00e1rio registrado no CAPI.<\/p>\n","protected":false},"excerpt":{"rendered":"<p>De acordo com o regimento interno do CAPI, aprovado pelo Conselho Universit\u00e1rio da UFMG em 8 de julho de 2013, o pesquisador interessado em utilizar o Centro dever\u00e1 ter seu Formul\u00e1rio aprovado pelo Conselho Diretor (veja formul\u00e1rios abaixo), ser tecnicamente capaz de usar os equipamentos e instala\u00e7\u00f5es do Centro e\/ou contar com a ajuda t\u00e9cnica [&hellip;]<\/p>\n","protected":false},"author":1,"featured_media":0,"parent":0,"menu_order":0,"comment_status":"closed","ping_status":"open","template":"","meta":{"jetpack_post_was_ever_published":false,"footnotes":""},"class_list":["post-18","page","type-page","status-publish","hentry"],"jetpack_sharing_enabled":true,"jetpack_shortlink":"https:\/\/wp.me\/P6bplh-i","jetpack-related-posts":[],"_links":{"self":[{"href":"https:\/\/www2.icb.ufmg.br\/capi\/index.php?rest_route=\/wp\/v2\/pages\/18","targetHints":{"allow":["GET"]}}],"collection":[{"href":"https:\/\/www2.icb.ufmg.br\/capi\/index.php?rest_route=\/wp\/v2\/pages"}],"about":[{"href":"https:\/\/www2.icb.ufmg.br\/capi\/index.php?rest_route=\/wp\/v2\/types\/page"}],"author":[{"embeddable":true,"href":"https:\/\/www2.icb.ufmg.br\/capi\/index.php?rest_route=\/wp\/v2\/users\/1"}],"replies":[{"embeddable":true,"href":"https:\/\/www2.icb.ufmg.br\/capi\/index.php?rest_route=%2Fwp%2Fv2%2Fcomments&post=18"}],"version-history":[{"count":38,"href":"https:\/\/www2.icb.ufmg.br\/capi\/index.php?rest_route=\/wp\/v2\/pages\/18\/revisions"}],"predecessor-version":[{"id":1114,"href":"https:\/\/www2.icb.ufmg.br\/capi\/index.php?rest_route=\/wp\/v2\/pages\/18\/revisions\/1114"}],"wp:attachment":[{"href":"https:\/\/www2.icb.ufmg.br\/capi\/index.php?rest_route=%2Fwp%2Fv2%2Fmedia&parent=18"}],"curies":[{"name":"wp","href":"https:\/\/api.w.org\/{rel}","templated":true}]}}