{"id":157,"date":"2013-10-18T19:47:29","date_gmt":"2013-10-18T19:47:29","guid":{"rendered":"http:\/\/www.icb.ufmg.br\/capi\/?page_id=157"},"modified":"2018-05-21T10:09:07","modified_gmt":"2018-05-21T13:09:07","slug":"typhoon","status":"publish","type":"page","link":"https:\/\/www2.icb.ufmg.br\/capi\/?page_id=157","title":{"rendered":"Typhoon"},"content":{"rendered":"<p><strong>AGENDAMENTO<\/strong><\/p>\n<p>\u00c0 partir de 01 de mar\u00e7o o agendamento ser\u00e1 feito pelo Skedda.<\/p>\n<p>Fa\u00e7a seu cadastro atrav\u00e9s do link<\/p>\n<p><a href=\"https:\/\/capi2.skedda.com\/register?key=7da5450\">https:\/\/capi2.skedda.com\/register?key=7da5450<\/a><\/p>\n<p><a href=\"https:\/\/capi2.skedda.com\/register?key=7da5450\"><img data-recalc-dims=\"1\" loading=\"lazy\" decoding=\"async\" data-attachment-id=\"965\" data-permalink=\"https:\/\/www2.icb.ufmg.br\/capi\/?attachment_id=965\" data-orig-file=\"https:\/\/i0.wp.com\/www2.icb.ufmg.br\/capi\/wp-content\/uploads\/2018\/05\/Sem-t%C3%ADtulo.png?fit=242%2C314&amp;ssl=1\" data-orig-size=\"242,314\" data-comments-opened=\"0\" data-image-meta=\"{&quot;aperture&quot;:&quot;0&quot;,&quot;credit&quot;:&quot;&quot;,&quot;camera&quot;:&quot;&quot;,&quot;caption&quot;:&quot;&quot;,&quot;created_timestamp&quot;:&quot;0&quot;,&quot;copyright&quot;:&quot;&quot;,&quot;focal_length&quot;:&quot;0&quot;,&quot;iso&quot;:&quot;0&quot;,&quot;shutter_speed&quot;:&quot;0&quot;,&quot;title&quot;:&quot;&quot;,&quot;orientation&quot;:&quot;0&quot;}\" data-image-title=\"Sem t\u00edtulo\" data-image-description=\"\" data-image-caption=\"\" data-medium-file=\"https:\/\/i0.wp.com\/www2.icb.ufmg.br\/capi\/wp-content\/uploads\/2018\/05\/Sem-t%C3%ADtulo.png?fit=231%2C300&amp;ssl=1\" data-large-file=\"https:\/\/i0.wp.com\/www2.icb.ufmg.br\/capi\/wp-content\/uploads\/2018\/05\/Sem-t%C3%ADtulo.png?fit=242%2C314&amp;ssl=1\" class=\"alignnone wp-image-965 size-medium\" src=\"https:\/\/i0.wp.com\/www2.icb.ufmg.br\/capi\/wp-content\/uploads\/2018\/05\/Sem-t%C3%ADtulo.png?resize=231%2C300\" alt=\"\" width=\"231\" height=\"300\" srcset=\"https:\/\/i0.wp.com\/www2.icb.ufmg.br\/capi\/wp-content\/uploads\/2018\/05\/Sem-t%C3%ADtulo.png?resize=231%2C300&amp;ssl=1 231w, https:\/\/i0.wp.com\/www2.icb.ufmg.br\/capi\/wp-content\/uploads\/2018\/05\/Sem-t%C3%ADtulo.png?w=242&amp;ssl=1 242w\" sizes=\"auto, (max-width: 231px) 100vw, 231px\" \/><\/a><\/p>\n<p>O usu\u00e1rio receber\u00e1 um e-mail de confirma\u00e7\u00e3o para cadastrar login e senha.<\/p>\n","protected":false},"excerpt":{"rendered":"<p>AGENDAMENTO \u00c0 partir de 01 de mar\u00e7o o agendamento ser\u00e1 feito pelo Skedda. Fa\u00e7a seu cadastro atrav\u00e9s do link https:\/\/capi2.skedda.com\/register?key=7da5450 O usu\u00e1rio receber\u00e1 um e-mail de confirma\u00e7\u00e3o para cadastrar login e senha.<\/p>\n","protected":false},"author":1,"featured_media":0,"parent":0,"menu_order":0,"comment_status":"closed","ping_status":"closed","template":"","meta":{"jetpack_post_was_ever_published":false,"footnotes":""},"class_list":["post-157","page","type-page","status-publish","hentry"],"jetpack_sharing_enabled":true,"jetpack_shortlink":"https:\/\/wp.me\/P6bplh-2x","jetpack-related-posts":[],"_links":{"self":[{"href":"https:\/\/www2.icb.ufmg.br\/capi\/index.php?rest_route=\/wp\/v2\/pages\/157","targetHints":{"allow":["GET"]}}],"collection":[{"href":"https:\/\/www2.icb.ufmg.br\/capi\/index.php?rest_route=\/wp\/v2\/pages"}],"about":[{"href":"https:\/\/www2.icb.ufmg.br\/capi\/index.php?rest_route=\/wp\/v2\/types\/page"}],"author":[{"embeddable":true,"href":"https:\/\/www2.icb.ufmg.br\/capi\/index.php?rest_route=\/wp\/v2\/users\/1"}],"replies":[{"embeddable":true,"href":"https:\/\/www2.icb.ufmg.br\/capi\/index.php?rest_route=%2Fwp%2Fv2%2Fcomments&post=157"}],"version-history":[{"count":11,"href":"https:\/\/www2.icb.ufmg.br\/capi\/index.php?rest_route=\/wp\/v2\/pages\/157\/revisions"}],"predecessor-version":[{"id":972,"href":"https:\/\/www2.icb.ufmg.br\/capi\/index.php?rest_route=\/wp\/v2\/pages\/157\/revisions\/972"}],"wp:attachment":[{"href":"https:\/\/www2.icb.ufmg.br\/capi\/index.php?rest_route=%2Fwp%2Fv2%2Fmedia&parent=157"}],"curies":[{"name":"wp","href":"https:\/\/api.w.org\/{rel}","templated":true}]}}