{"id":147,"date":"2013-10-18T19:43:43","date_gmt":"2013-10-18T19:43:43","guid":{"rendered":"http:\/\/www.icb.ufmg.br\/capi\/?page_id=147"},"modified":"2022-11-04T11:43:56","modified_gmt":"2022-11-04T14:43:56","slug":"microscopia-confocal-e-fluorescencia","status":"publish","type":"page","link":"https:\/\/www2.icb.ufmg.br\/capi\/?page_id=147","title":{"rendered":"Microscopia Confocal, Fluoresc\u00eancia e ApoTome"},"content":{"rendered":"<p><strong>AGENDAMENTO<\/strong><\/p>\n<p>Fa\u00e7a seu cadastro atrav\u00e9s do link<\/p>\n<p><a href=\"https:\/\/ipaufmg.skedda.com\/booking\">https:\/\/ipaufmg.skedda.com\/booking<\/a><\/p>\n<p>O usu\u00e1rio receber\u00e1 um e-mail de confirma\u00e7\u00e3o para cadastrar login e senha.<\/p>\n<p><strong><span style=\"color: #ff0000;\">Normas para uso dos microsc\u00f3pios de luz.<\/span><\/strong><\/p>\n<p><b>N\u00e3o fa\u00e7a reserva a n\u00e3o ser que voc\u00ea tenha total certeza que ir\u00e1 utilizar os microsc\u00f3pios!<\/b><br \/>\nCaso voc\u00ea tenha algum problema ou receba qualquer mensagem de erro, por favor, relate\u00a0no email do CAPI.<\/p>\n<p style=\"text-align: justify;\"><b>Regras para reservas de hor\u00e1rio.<\/b><br \/>\n<span style=\"color: #000000;\">&#8212; Ao fazer uma reserva no Skedda\u00a0voc\u00ea deve incluir o\u00a0<b>nome e sobrenome do professor respons\u00e1vel <\/b><\/span><br \/>\n<b>O hor\u00e1rio deve ser reservado com no m\u00e1ximo duas semanas de anteced\u00eancia<\/b>. As reservas realizadas com mais de duas semanas de anteced\u00eancia ser\u00e3o canceladas.<br \/>\n<span style=\"color: #008000;\"><b>Segundo nossa pol\u00edtica de uso durante o hor\u00e1rio comercial, cada orientador possui o direito de usar, em uma determinada semana, dois blocos (de 4 horas cada) por microsc\u00f3pio. Vale salientar que n\u00e3o h\u00e1 problema em emendar o hor\u00e1rio comercial da tarde com o hor\u00e1rio n\u00e3o comercial da noite. A regra das 4 horas s\u00f3 \u00e9 v\u00e1lida para os hor\u00e1rios agendados dentro do per\u00edodo de 08 \u00e0s 17h. N\u00e3o h\u00e1 regras limitando os hor\u00e1rios fora deste per\u00edodo.<\/b><\/span><br \/>\n<b>Caso o usu\u00e1rio n\u00e3o possa cumprir ou n\u00e3o necessite de todo o per\u00edodo\/slot reservado, favor comunicar ao usu\u00e1rio seguinte.<\/b><br \/>\n<span style=\"color: #ff0000;\"><span style=\"color: #000000;\"><span style=\"color: #ff0000;\">Em casos excepcionais (ex. experimento n\u00e3o funcionou), <\/span><\/span>o usu\u00e1rio pode desmarcar o agendamento dos microsc\u00f3pios de luz\u00a0<strong><u>at\u00e9 1 hora antes do uso<\/u>.<\/strong> Ap\u00f3s esse per\u00edodo, o hor\u00e1rio n\u00e3o poder\u00e1 ser desmarcado e o usu\u00e1rio arcar\u00e1 com o custo do agendamento. Usu\u00e1rios que cancelarem repetidamente suas reservas sem notifica\u00e7\u00e3o perder\u00e3o sua autoriza\u00e7\u00e3o para utilizar os microsc\u00f3pios.<\/span><\/p>\n<p style=\"text-align: justify;\"><b>OBS IMPORTANTES:<\/b><\/p>\n<p style=\"text-align: justify;\">1. <b>\u00c9 EXPRESSAMENTE PROIBIDO A\u00a0UTILIZA\u00c7\u00c3O\u00a0DOS MICROSC\u00d3PIOS POR PESSOAS N\u00c3O AUTORIZADAS.<\/b>\u00a0Pede-se que os professores respons\u00e1veis acompanhem seus novos alunos at\u00e9 que os mesmos se tornem independentes. Dessa forma, evita-se poss\u00ecveis danos ao sistema.<br \/>\na) APENAS pesquisadores que tenham submetido o formul\u00e1rio \u00a0pelo CAPI e recebido aprova\u00e7\u00e3o poder\u00e3o realizar reservas e utilizar oS sistemas.<\/p>\n<p style=\"text-align: justify;\">2. <b>Os computadores dos microsc\u00f3pios somente podem ser utilizados para capturar e armazenar brevemente os dados de imagem.<\/b> Voc\u00ea deve fazer uma c\u00f3pia de seus arquivos (utilize somente CD e DVDs) o mais cedo poss\u00edvel depois que sua experimento estiver completo e ent\u00e3o apag\u00e1-los do computador. Todos os outros tipos de arquivos (ex: ppt, Word doc files, etc) ser\u00e3o apagados sem notifica\u00e7\u00e3o.<br \/>\na)\u00a0<b>ABSOLUTAMENTE NENHUM PROGRAMA PODER\u00c1 SER INSTALADO NOS COMPUTADORES<\/b> sem primeiramente obter a permiss\u00e3o do CAPI. b) Por causa de problemas pr\u00e9vios com virus, Trojans, etc.\u00a0<b>O COMPUTADOR N\u00c3O PODE SER CONECTADO \u00c0 INTERNET.<\/b><\/p>\n<p style=\"text-align: justify;\">3. <b>O nome do CAPI (Centro de Aquisi\u00e7\u00e3o e Processamento de Imagens do ICB\/UFMG) dever\u00e1 constar de todas e quaisquer publica\u00e7\u00f5es originadas de trabalhos nele realizados.<\/b><br \/>\nExemplo: The microscopic data shown in this work was obtained using the Nikin fluorescence microscope in the Image Acquisition and Processing Center (CAPI- ICB\/UFMG).<\/p>\n<hr \/>\n","protected":false},"excerpt":{"rendered":"<p>AGENDAMENTO Fa\u00e7a seu cadastro atrav\u00e9s do link https:\/\/ipaufmg.skedda.com\/booking O usu\u00e1rio receber\u00e1 um e-mail de confirma\u00e7\u00e3o para cadastrar login e senha. Normas para uso dos microsc\u00f3pios de luz. N\u00e3o fa\u00e7a reserva a n\u00e3o ser que voc\u00ea tenha total certeza que ir\u00e1 utilizar os microsc\u00f3pios! Caso voc\u00ea tenha algum problema ou receba qualquer mensagem de erro, por [&hellip;]<\/p>\n","protected":false},"author":1,"featured_media":0,"parent":0,"menu_order":0,"comment_status":"closed","ping_status":"closed","template":"","meta":{"jetpack_post_was_ever_published":false,"footnotes":""},"class_list":["post-147","page","type-page","status-publish","hentry"],"jetpack_sharing_enabled":true,"jetpack_shortlink":"https:\/\/wp.me\/P6bplh-2n","jetpack-related-posts":[],"_links":{"self":[{"href":"https:\/\/www2.icb.ufmg.br\/capi\/index.php?rest_route=\/wp\/v2\/pages\/147","targetHints":{"allow":["GET"]}}],"collection":[{"href":"https:\/\/www2.icb.ufmg.br\/capi\/index.php?rest_route=\/wp\/v2\/pages"}],"about":[{"href":"https:\/\/www2.icb.ufmg.br\/capi\/index.php?rest_route=\/wp\/v2\/types\/page"}],"author":[{"embeddable":true,"href":"https:\/\/www2.icb.ufmg.br\/capi\/index.php?rest_route=\/wp\/v2\/users\/1"}],"replies":[{"embeddable":true,"href":"https:\/\/www2.icb.ufmg.br\/capi\/index.php?rest_route=%2Fwp%2Fv2%2Fcomments&post=147"}],"version-history":[{"count":41,"href":"https:\/\/www2.icb.ufmg.br\/capi\/index.php?rest_route=\/wp\/v2\/pages\/147\/revisions"}],"predecessor-version":[{"id":1361,"href":"https:\/\/www2.icb.ufmg.br\/capi\/index.php?rest_route=\/wp\/v2\/pages\/147\/revisions\/1361"}],"wp:attachment":[{"href":"https:\/\/www2.icb.ufmg.br\/capi\/index.php?rest_route=%2Fwp%2Fv2%2Fmedia&parent=147"}],"curies":[{"name":"wp","href":"https:\/\/api.w.org\/{rel}","templated":true}]}}