{"id":1343,"date":"2022-09-27T09:29:29","date_gmt":"2022-09-27T12:29:29","guid":{"rendered":"https:\/\/www2.icb.ufmg.br\/capi\/?page_id=1343"},"modified":"2022-09-27T10:50:30","modified_gmt":"2022-09-27T13:50:30","slug":"noticias-2","status":"publish","type":"page","link":"https:\/\/www2.icb.ufmg.br\/capi\/?page_id=1343","title":{"rendered":"Not\u00edcias"},"content":{"rendered":"\n<p>Os t\u00e9cnicos Nat\u00e1lia Katley e Samuel Tadeu foram selecionados para participarem de um evento muito importante, o Imaging Latin American. A iniciativa foi\u00a0 oferecida pela Unidade de Bioimagem Avan\u00e7ada do Institut Pasteur de Montevid\u00e9u em parceria com o Centro de Imagem Avan\u00e7ada do HHMI &#8211; Janelia Research Campus. Uma oportunidade incr\u00edvel para o aprendizado e capacita\u00e7\u00e3o do corpo t\u00e9cnico do CAPI!<\/p>\n<p>Durante o evento, foi poss\u00edvel aprender um pouco sobre como conceber e executar adequadamente experimentos de microscopia e testar quantitativamente\u00a0 quest\u00f5es biol\u00f3gicas complexas. Al\u00e9m disso, o evento tamb\u00e9m promoveu intera\u00e7\u00e3o e networking entre os participantes!\u00a0<\/p>\n<p>\u00a0<\/p>\n<p><a href=\"https:\/\/i0.wp.com\/www2.icb.ufmg.br\/capi\/wp-content\/uploads\/2022\/09\/WhatsApp-Image-2022-09-26-at-20.36.13-1.jpeg\"><img data-recalc-dims=\"1\" loading=\"lazy\" decoding=\"async\" data-attachment-id=\"1350\" data-permalink=\"https:\/\/www2.icb.ufmg.br\/capi\/?attachment_id=1350\" data-orig-file=\"https:\/\/i0.wp.com\/www2.icb.ufmg.br\/capi\/wp-content\/uploads\/2022\/09\/WhatsApp-Image-2022-09-26-at-20.36.13-1.jpeg?fit=1280%2C960&amp;ssl=1\" data-orig-size=\"1280,960\" data-comments-opened=\"0\" data-image-meta=\"{&quot;aperture&quot;:&quot;0&quot;,&quot;credit&quot;:&quot;&quot;,&quot;camera&quot;:&quot;&quot;,&quot;caption&quot;:&quot;&quot;,&quot;created_timestamp&quot;:&quot;0&quot;,&quot;copyright&quot;:&quot;&quot;,&quot;focal_length&quot;:&quot;0&quot;,&quot;iso&quot;:&quot;0&quot;,&quot;shutter_speed&quot;:&quot;0&quot;,&quot;title&quot;:&quot;&quot;,&quot;orientation&quot;:&quot;0&quot;}\" data-image-title=\"WhatsApp Image 2022-09-26 at 20.36.13 (1)\" data-image-description=\"\" data-image-caption=\"\" data-medium-file=\"https:\/\/i0.wp.com\/www2.icb.ufmg.br\/capi\/wp-content\/uploads\/2022\/09\/WhatsApp-Image-2022-09-26-at-20.36.13-1.jpeg?fit=300%2C225&amp;ssl=1\" data-large-file=\"https:\/\/i0.wp.com\/www2.icb.ufmg.br\/capi\/wp-content\/uploads\/2022\/09\/WhatsApp-Image-2022-09-26-at-20.36.13-1.jpeg?fit=625%2C469&amp;ssl=1\" class=\"alignnone size-medium wp-image-1350\" src=\"https:\/\/i0.wp.com\/www2.icb.ufmg.br\/capi\/wp-content\/uploads\/2022\/09\/WhatsApp-Image-2022-09-26-at-20.36.13-1.jpeg?resize=300%2C225\" alt=\"\" width=\"300\" height=\"225\" srcset=\"https:\/\/i0.wp.com\/www2.icb.ufmg.br\/capi\/wp-content\/uploads\/2022\/09\/WhatsApp-Image-2022-09-26-at-20.36.13-1.jpeg?resize=300%2C225&amp;ssl=1 300w, https:\/\/i0.wp.com\/www2.icb.ufmg.br\/capi\/wp-content\/uploads\/2022\/09\/WhatsApp-Image-2022-09-26-at-20.36.13-1.jpeg?resize=1024%2C768&amp;ssl=1 1024w, https:\/\/i0.wp.com\/www2.icb.ufmg.br\/capi\/wp-content\/uploads\/2022\/09\/WhatsApp-Image-2022-09-26-at-20.36.13-1.jpeg?resize=768%2C576&amp;ssl=1 768w, https:\/\/i0.wp.com\/www2.icb.ufmg.br\/capi\/wp-content\/uploads\/2022\/09\/WhatsApp-Image-2022-09-26-at-20.36.13-1.jpeg?resize=624%2C468&amp;ssl=1 624w, https:\/\/i0.wp.com\/www2.icb.ufmg.br\/capi\/wp-content\/uploads\/2022\/09\/WhatsApp-Image-2022-09-26-at-20.36.13-1.jpeg?w=1280&amp;ssl=1 1280w\" sizes=\"auto, (max-width: 300px) 100vw, 300px\" \/><\/a><a href=\"https:\/\/i0.wp.com\/www2.icb.ufmg.br\/capi\/wp-content\/uploads\/2022\/09\/WhatsApp-Image-2022-09-27-at-10.47.32.jpeg\"><img data-recalc-dims=\"1\" loading=\"lazy\" decoding=\"async\" data-attachment-id=\"1351\" data-permalink=\"https:\/\/www2.icb.ufmg.br\/capi\/?attachment_id=1351\" data-orig-file=\"https:\/\/i0.wp.com\/www2.icb.ufmg.br\/capi\/wp-content\/uploads\/2022\/09\/WhatsApp-Image-2022-09-27-at-10.47.32.jpeg?fit=1024%2C768&amp;ssl=1\" data-orig-size=\"1024,768\" data-comments-opened=\"0\" data-image-meta=\"{&quot;aperture&quot;:&quot;0&quot;,&quot;credit&quot;:&quot;&quot;,&quot;camera&quot;:&quot;&quot;,&quot;caption&quot;:&quot;&quot;,&quot;created_timestamp&quot;:&quot;0&quot;,&quot;copyright&quot;:&quot;&quot;,&quot;focal_length&quot;:&quot;0&quot;,&quot;iso&quot;:&quot;0&quot;,&quot;shutter_speed&quot;:&quot;0&quot;,&quot;title&quot;:&quot;&quot;,&quot;orientation&quot;:&quot;0&quot;}\" data-image-title=\"WhatsApp Image 2022-09-27 at 10.47.32\" data-image-description=\"\" data-image-caption=\"\" data-medium-file=\"https:\/\/i0.wp.com\/www2.icb.ufmg.br\/capi\/wp-content\/uploads\/2022\/09\/WhatsApp-Image-2022-09-27-at-10.47.32.jpeg?fit=300%2C225&amp;ssl=1\" data-large-file=\"https:\/\/i0.wp.com\/www2.icb.ufmg.br\/capi\/wp-content\/uploads\/2022\/09\/WhatsApp-Image-2022-09-27-at-10.47.32.jpeg?fit=625%2C469&amp;ssl=1\" class=\"alignnone size-medium wp-image-1351\" src=\"https:\/\/i0.wp.com\/www2.icb.ufmg.br\/capi\/wp-content\/uploads\/2022\/09\/WhatsApp-Image-2022-09-27-at-10.47.32.jpeg?resize=300%2C225\" alt=\"\" width=\"300\" height=\"225\" srcset=\"https:\/\/i0.wp.com\/www2.icb.ufmg.br\/capi\/wp-content\/uploads\/2022\/09\/WhatsApp-Image-2022-09-27-at-10.47.32.jpeg?resize=300%2C225&amp;ssl=1 300w, https:\/\/i0.wp.com\/www2.icb.ufmg.br\/capi\/wp-content\/uploads\/2022\/09\/WhatsApp-Image-2022-09-27-at-10.47.32.jpeg?resize=768%2C576&amp;ssl=1 768w, https:\/\/i0.wp.com\/www2.icb.ufmg.br\/capi\/wp-content\/uploads\/2022\/09\/WhatsApp-Image-2022-09-27-at-10.47.32.jpeg?resize=624%2C468&amp;ssl=1 624w, https:\/\/i0.wp.com\/www2.icb.ufmg.br\/capi\/wp-content\/uploads\/2022\/09\/WhatsApp-Image-2022-09-27-at-10.47.32.jpeg?w=1024&amp;ssl=1 1024w\" sizes=\"auto, (max-width: 300px) 100vw, 300px\" \/><\/a><a href=\"https:\/\/i0.wp.com\/www2.icb.ufmg.br\/capi\/wp-content\/uploads\/2022\/09\/WhatsApp-Image-2022-09-27-at-10.48.49.jpeg\"><img data-recalc-dims=\"1\" loading=\"lazy\" decoding=\"async\" data-attachment-id=\"1353\" data-permalink=\"https:\/\/www2.icb.ufmg.br\/capi\/?attachment_id=1353\" data-orig-file=\"https:\/\/i0.wp.com\/www2.icb.ufmg.br\/capi\/wp-content\/uploads\/2022\/09\/WhatsApp-Image-2022-09-27-at-10.48.49.jpeg?fit=1170%2C1172&amp;ssl=1\" data-orig-size=\"1170,1172\" data-comments-opened=\"0\" data-image-meta=\"{&quot;aperture&quot;:&quot;0&quot;,&quot;credit&quot;:&quot;&quot;,&quot;camera&quot;:&quot;&quot;,&quot;caption&quot;:&quot;&quot;,&quot;created_timestamp&quot;:&quot;0&quot;,&quot;copyright&quot;:&quot;&quot;,&quot;focal_length&quot;:&quot;0&quot;,&quot;iso&quot;:&quot;0&quot;,&quot;shutter_speed&quot;:&quot;0&quot;,&quot;title&quot;:&quot;&quot;,&quot;orientation&quot;:&quot;0&quot;}\" data-image-title=\"WhatsApp Image 2022-09-27 at 10.48.49\" data-image-description=\"\" data-image-caption=\"\" data-medium-file=\"https:\/\/i0.wp.com\/www2.icb.ufmg.br\/capi\/wp-content\/uploads\/2022\/09\/WhatsApp-Image-2022-09-27-at-10.48.49.jpeg?fit=300%2C300&amp;ssl=1\" data-large-file=\"https:\/\/i0.wp.com\/www2.icb.ufmg.br\/capi\/wp-content\/uploads\/2022\/09\/WhatsApp-Image-2022-09-27-at-10.48.49.jpeg?fit=625%2C626&amp;ssl=1\" class=\"alignnone size-medium wp-image-1353\" src=\"https:\/\/i0.wp.com\/www2.icb.ufmg.br\/capi\/wp-content\/uploads\/2022\/09\/WhatsApp-Image-2022-09-27-at-10.48.49.jpeg?resize=300%2C300\" alt=\"\" width=\"300\" height=\"300\" srcset=\"https:\/\/i0.wp.com\/www2.icb.ufmg.br\/capi\/wp-content\/uploads\/2022\/09\/WhatsApp-Image-2022-09-27-at-10.48.49.jpeg?resize=300%2C300&amp;ssl=1 300w, https:\/\/i0.wp.com\/www2.icb.ufmg.br\/capi\/wp-content\/uploads\/2022\/09\/WhatsApp-Image-2022-09-27-at-10.48.49.jpeg?resize=1022%2C1024&amp;ssl=1 1022w, https:\/\/i0.wp.com\/www2.icb.ufmg.br\/capi\/wp-content\/uploads\/2022\/09\/WhatsApp-Image-2022-09-27-at-10.48.49.jpeg?resize=150%2C150&amp;ssl=1 150w, https:\/\/i0.wp.com\/www2.icb.ufmg.br\/capi\/wp-content\/uploads\/2022\/09\/WhatsApp-Image-2022-09-27-at-10.48.49.jpeg?resize=768%2C769&amp;ssl=1 768w, https:\/\/i0.wp.com\/www2.icb.ufmg.br\/capi\/wp-content\/uploads\/2022\/09\/WhatsApp-Image-2022-09-27-at-10.48.49.jpeg?resize=624%2C625&amp;ssl=1 624w, https:\/\/i0.wp.com\/www2.icb.ufmg.br\/capi\/wp-content\/uploads\/2022\/09\/WhatsApp-Image-2022-09-27-at-10.48.49.jpeg?w=1170&amp;ssl=1 1170w\" sizes=\"auto, (max-width: 300px) 100vw, 300px\" \/><\/a><\/p>\n","protected":false},"excerpt":{"rendered":"<p>Os t\u00e9cnicos Nat\u00e1lia Katley e Samuel Tadeu foram selecionados para participarem de um evento muito importante, o Imaging Latin American. A iniciativa foi\u00a0 oferecida pela Unidade de Bioimagem Avan\u00e7ada do Institut Pasteur de Montevid\u00e9u em parceria com o Centro de Imagem Avan\u00e7ada do HHMI &#8211; Janelia Research Campus. Uma oportunidade incr\u00edvel para o aprendizado e [&hellip;]<\/p>\n","protected":false},"author":1,"featured_media":0,"parent":0,"menu_order":0,"comment_status":"closed","ping_status":"closed","template":"","meta":{"jetpack_post_was_ever_published":false,"footnotes":""},"class_list":["post-1343","page","type-page","status-publish","hentry"],"jetpack_sharing_enabled":true,"jetpack_shortlink":"https:\/\/wp.me\/P6bplh-lF","jetpack-related-posts":[],"_links":{"self":[{"href":"https:\/\/www2.icb.ufmg.br\/capi\/index.php?rest_route=\/wp\/v2\/pages\/1343","targetHints":{"allow":["GET"]}}],"collection":[{"href":"https:\/\/www2.icb.ufmg.br\/capi\/index.php?rest_route=\/wp\/v2\/pages"}],"about":[{"href":"https:\/\/www2.icb.ufmg.br\/capi\/index.php?rest_route=\/wp\/v2\/types\/page"}],"author":[{"embeddable":true,"href":"https:\/\/www2.icb.ufmg.br\/capi\/index.php?rest_route=\/wp\/v2\/users\/1"}],"replies":[{"embeddable":true,"href":"https:\/\/www2.icb.ufmg.br\/capi\/index.php?rest_route=%2Fwp%2Fv2%2Fcomments&post=1343"}],"version-history":[{"count":5,"href":"https:\/\/www2.icb.ufmg.br\/capi\/index.php?rest_route=\/wp\/v2\/pages\/1343\/revisions"}],"predecessor-version":[{"id":1355,"href":"https:\/\/www2.icb.ufmg.br\/capi\/index.php?rest_route=\/wp\/v2\/pages\/1343\/revisions\/1355"}],"wp:attachment":[{"href":"https:\/\/www2.icb.ufmg.br\/capi\/index.php?rest_route=%2Fwp%2Fv2%2Fmedia&parent=1343"}],"curies":[{"name":"wp","href":"https:\/\/api.w.org\/{rel}","templated":true}]}}